p - f, -p - o*f = -20*f - 2071. Is p a prime number?
False
Let h = 77 - -4. Suppose 6*c - 75 = h. Suppose z - 798 = 5*x - c, 3*z - 3*x - 2352 = 0. Is z composite?
False
Let i = -3 + 6. Let n(p) = -16*p + 29 + 2*p**i - 28*p**2 - 7*p + 5*p**3 - 5*p**3. Is n(15) a prime number?
False
Let l(d) = 7*d**2 + d - 4. Let o be l(1). Suppose o*v - 13138 - 13354 = 0. Is v a composite number?
True
Let k(i) = 1220*i + 937. Is k(62) a prime number?
False
Let a = 172 + -168. Suppose 0 = 2*x + a*x - 49602. Is x a composite number?
True
Let d(p) = 1365*p + 15. Let o be d(32). Suppose 3*q - o = -6*q. Is q a composite number?
True
Let a(v) = 32*v**2 + 3*v - 25. Suppose -210 = -7*z + z. Suppose -5*f + z = 5*r, -r + 4*f = 3*f - 13. Is a(r) a prime number?
False
Let t = -312650 - -451791. Is t a prime number?
False
Let a = 128 + -131. Let v be a/(-1*(-12)/(-32)). Is 47*41 + 8 + v/(-2) composite?
False
Let h(m) = -51*m - 8. Let r be h(-5). Suppose 0 = 238*y - r*y + 106371. Is y prime?
False
Suppose 10*w + 71556 = -2*w. Let c = 37414 + w. Is c a prime number?
False
Let g(t) = -t**3 + 3*t**2 - t + 24. Let s be g(4). Suppose -w - 5*z + 145 = 0, 266 = 2*w + 2*z - 0*z. Suppose -s*f = -w - 442. Is f a prime number?
False
Let o(b) = 1752*b**2 - 142*b - 821. Is o(-6) composite?
False
Let x be 2170/(-38) + 22/209. Suppose -j + 5*j = -8. Is j*(0 + 2) - x composite?
False
Let k(w) be the third derivative of -10*w**2 - 1/24*w**4 + 0*w**3 + 0*w + 251/15*w**5 + 0. Is k(1) composite?
True
Let k be (-10)/((-20)/6 - -3). Let q be 14 - ((-4)/10)/((-6)/k). Suppose q*m - 8*m = 12548. Is m a composite number?
False
Let v(d) = 2*d**2 + 7*d - 3. Let y be v(-5). Suppose -y*c = -7*c - 35285. Is c composite?
False
Suppose 127320 = 31*r - 27*r. Let g = r + -21347. Is g prime?
False
Let p(a) = 107*a**2 + 5*a - 7. Let t = -62 + 6. Let x = t - -58. Is p(x) prime?
True
Suppose -3*v = -3*z - 922 + 8032, 3*z - 7114 = 2*v. Let d = 4317 + z. Is d a composite number?
False
Suppose -i + 3*t = -4047 + 433, -t + 5 = 0. Is i a prime number?
False
Let y(o) = 4*o - 12. Let z(k) = -9*k + 24. Let t(r) = 7*y(r) + 3*z(r). Let f be t(17). Is f/(40/1556)*4/2 a composite number?
False
Suppose -2*q + 3*r + 63106 + 68098 = 0, -2*q - r + 131196 = 0. Is q a prime number?
True
Let o be (5598/4 - -2)/((-109)/(-218)). Suppose 3787 + o = 10*g. Is g composite?
False
Let u(n) = -1001*n**2 - 5*n + 3. Let c be u(-2). Let m = c + 9588. Is m a composite number?
True
Let n(j) = 302*j**2 + 6*j - 1 - 19*j - 19*j. Is n(4) a prime number?
True
Suppose 5*w - 2*u = 10*w - 29999, 5*w + 4*u - 30003 = 0. Suppose -l + w = 5*i - 2335, -4*l + 33317 = i. Is l a prime number?
True
Suppose -2*u + 5*z - 5 = -32, -u = 2*z. Let b(s) = 20*s - 10 + 2 + 31*s. Is b(u) a composite number?
True
Suppose v - 465*o + 462*o = 611509, 2*v - 1223002 = 2*o. Is v prime?
True
Let w(d) = -3113*d - 28. Let t be w(-1). Suppose -8*s + 9397 = t. Is s a prime number?
False
Let d(y) = -5*y - 151. Let t be d(-23). Is (-4 - -7328)*t/(-48) a prime number?
False
Suppose -2*g + 13 = 3*i + 7, -4 = -2*i + 4*g. Suppose 4*l + 4*c = 5*l - 4455, -3*c = -i*l + 8905. Is l a prime number?
True
Suppose -37*g + 28*g + 63 = 0. Is (13 - g) + 15*189 prime?
False
Let y be 0/((-30)/(-12)*2/(-5)). Suppose y = -5*o + 4*m + 117 - 30, -5*o - m = -72. Is o composite?
True
Let o be 16 - (7 + (17 - 23)). Let v(k) be the first derivative of k**4/4 - 4*k**3 + 4*k**2 - 16*k - 1. Is v(o) a composite number?
True
Let b(a) = 4*a - 18. Let q be b(7). Let l(w) = 196*w**2 - 7*w + 67. Is l(q) a composite number?
False
Is ((-5891)/2)/(36/(-162) + 25/(-90)) a composite number?
True
Suppose 143*c = 126*c + 455073. Is c composite?
True
Let n(z) = 5*z**2 - 6*z - 64. Let q be n(13). Suppose -3*j = g - q, 4*g = -4*j + 2*j + 482. Is j composite?
False
Let j(p) = -45 + 52 + 12*p - 8*p - 155*p - 23*p. Let f(t) = -t**2 + 6*t - 5. Let q be f(6). Is j(q) a composite number?
False
Suppose -122418 = -2*z - 2*c, -111979 = -3*z + 5*c + 71664. Is z composite?
False
Suppose 4*t = t. Suppose s - 7*q + 6*q = t, 0 = -2*s - 4*q + 6. Is (((-807)/9)/s)/(1/(-3)) a prime number?
True
Let u(n) = 7*n**3 + 11*n**2 - 94*n - 1. Is u(10) composite?
False
Suppose -19*g = -14*g + 35. Let c(k) = -6*k**3 + 7*k**2 - k + 9. Is c(g) composite?
False
Suppose 19*h - 38*h = -274189. Is h a composite number?
False
Let v(j) = 4820*j**2 - 33*j + 86. Is v(3) prime?
False
Let h = -954 - -1690. Suppose -3*y = -2165 - h. Is y a composite number?
False
Let r(b) be the third derivative of 34*b**5/15 + 5*b**4/24 - 11*b**3/6 + b**2. Let k be (-8 + 1 + 1)*-1. Is r(k) a prime number?
False
Let w(y) = y**2 + 3*y - 1. Let v = 45 - 49. Let z be w(v). Is (-118 - -7)*(-1)/z a prime number?
True
Let g(b) = b**3 - 14*b**2 - 2*b + 34. Let r be g(14). Suppose 4*j = r*j, -j + 358 = h. Is h prime?
False
Suppose 64*p - 60*p - 16 = 0. Suppose -p*b - 76 = -6*b. Let m = b + -24. Is m composite?
True
Let i be 10*(-16)/20*(-3)/6. Suppose i*c - 3*l - 380 = -0*c, -5*c = -5*l - 475. Is c prime?
False
Suppose -10 = -6*o + 4*o. Suppose 449 = -0*p + o*p - a, -3*a = 12. Let t = p - -638. Is t prime?
True
Suppose -16 = -3*m + 5. Let r(z) be the second derivative of z**4/12 - z**3/3 - 10*z**2 + 3*z. Is r(m) composite?
True
Suppose 0 = -3*y - y - t + 12357, -t = -5*y + 15453. Suppose -6*u = -276 - y. Let j = u - 398. Is j a composite number?
False
Suppose 0 = -c - 4*c. Let f(b) = 13*b**2 + 16*b - 1773. Let x(z) = 11*z**2 + 13*z - 1771. Let y(v) = 5*f(v) - 6*x(v). Is y(c) a prime number?
False
Suppose l - 451345 - 165546 = 0. Is l a composite number?
True
Let r(d) = -d**3 + 5*d**2 - 4*d - 4. Let b be r(3). Suppose 5*o - 4*h + b*h - 16141 = 0, 4*h - 8 = 0. Is o a composite number?
False
Is (-41 - -20 - -18)*1987*-1 a prime number?
False
Suppose 3*u + 26 = 2. Is (-17850)/(-3) - (7 + u) a composite number?
True
Suppose 0*m = 3*j - m - 6091, -3*j - 2*m = -6088. Let t = j + -1377. Is t a composite number?
False
Let x(b) = -102*b + 497 - 230 + 6*b - 206. Is x(-16) a prime number?
True
Let o be (2 - -4)*15/18. Is ((-24155)/10 + o)*6/(-3) prime?
False
Let b(n) = 22*n**3 - 31*n**2 + 4*n + 12. Let h be b(10). Let w = h - 3831. Is w a composite number?
False
Let r = -38 - -28. Let a(b) = 12*b**2 + 11*b + 31. Is a(r) prime?
False
Let k(n) = n**3 - 7*n + 4. Let v be k(0). Suppose 2*x + v*c = 3266, 4*x - 4913 = x + c. Is x a composite number?
False
Suppose 2518*i - 2541*i + 2200663 = 0. Is i a prime number?
False
Suppose -9782 = -3*g - 25286. Let s = g + 9273. Is s composite?
True
Suppose -6*t - 15 = -t + 3*z, 0 = 4*t + z + 19. Is t/(-5) + 60462/90 a composite number?
False
Suppose -9*r + 7*r - 1112 = -2*k, -546 = r - 3*k. Let s = r + 1648. Is s a prime number?
True
Let x(i) = 138*i**2 + 4*i - 21. Suppose 3*r - 37 = 5*h, 5*r - 5*h - 35 = -2*h. Is x(r) prime?
True
Suppose -31*h + 26 = -67. Is h/2 + (-1070854)/(-148) composite?
False
Let x = 151680 - 72143. Is x a prime number?
True
Suppose 0 = -25*l + 17*l - 75*l + 1896799. Is l a prime number?
True
Let i = -274005 - -481768. Is i a composite number?
False
Let x(g) = -21*g - 47 + 11*g - 4*g. Is x(-26) a prime number?
True
Let m(t) = t**3 - 18*t**2 + 18*t - 14. Let i be m(17). Is (15482/(-6))/(i/(-9)) composite?
False
Suppose -8*n + 55 = 3*n. Suppose -3*z - 146 = -7*z + n*o, 3*o = -2*z + 84. Is z prime?
False
Let h = 454 - 619. Let p = h - -259. Is p prime?
False
Suppose 57*m + 490004 = 3130643. Is m composite?
False
Let a be 152/(-6)*(0 + -3). Let f be -135 - (-9 - -5 - -4). Let i = a - f. Is i a composite number?
False
Let u = 13 + -11. Let y = u - 9. Let s(i) = -7*i + 6. Is s(y) a prime number?
False
Let p = -150 + 159. Suppose p*n - 18*n = -10359. Is n prime?
True
Let i = -22166 - -47994. Suppose 4*g + 3097 = -5*t + i, 4*g - 4543 = -t. Is t a composite number?
False
Let b(f) = -2*f + 192. Let c be b(0). Let o be 5/(10/(-1))*-158. Suppose j - c = -o. Is j a prime number?
True
Suppose 2*w + 7293 = g + 7*w, -w - 29130 = -4*g. Is g prime?
True
Suppose 11*q - 7*q - 78476 = 0. Let z = q - 12186. Is z prime?
True
Let j = 62 + -26. Let z = j + -25. Let a(g) = 133*g - 24. Is a(z) a prime number?
True
Suppose -18*z + 24*z + 2106 = 0. Let t = z - -760. Is t a prime number?
True
Let x = 26 - 27. Let s = x - -5. Suppose -3*a = -s*j + 2590, -3694 = -5*j - 2*a 